5
Let k(a) = -9*a - 1. Let b be k(2). Let x = b + 79. Let m(y) = 5*y - 30. Let v be m(7). What is the highest common factor of x and v?
5
Let s be (-12)/(2 + -8) - -25. What is the greatest common divisor of s and 72?
9
Let y(o) = -409*o + 1614. Let l be y(-8). Calculate the greatest common factor of l and 14.
14
Let p be 3698/1204 - 2/28. Calculate the greatest common divisor of p and 717.
3
Let c be -65 + (-8 + -1 - -13). Let u = 170 - c. Calculate the greatest common factor of 198 and u.
33
Let s = -13857 - -13945. What is the greatest common factor of s and 1980?
44
Suppose -2*t + 223 = -5*p, -2*t + 235 = -p - 0*p. Calculate the highest common factor of 5117 and t.
119
Suppose -260 = -162*r + 157*r. Suppose 2*p - r = -3*g, -15 = -5*g + p + 50. Calculate the greatest common factor of g and 854.
14
Let s(g) = 191*g**3 + g**2 + 2*g - 2. Let z be s(1). Suppose -2*c + 252 = -4*d, 4*c = -3*d + 5*d + 510. What is the greatest common divisor of c and z?
64
Let j = -2235 + 2503. What is the greatest common factor of 128 and j?
4
Let c(n) = n**3 + 31*n**2 + 5*n + 32. Let w be c(-28). Suppose 0 = -11*t - 6*t + w. Calculate the highest common divisor of t and 12.
12
Suppose -3 = 2*q + 1, -2*k + 5*q = 112. Let l = k + 63. Suppose -2*j = 4*g - 100, 0 = -j - 2*j + l*g + 150. What is the greatest common divisor of 10 and j?
10
Suppose 2*c - 9 = 2*h + 17, -3*c = -4*h - 40. Let s be (-4)/c + 26/6. Let n = -31 + 32. Calculate the highest common divisor of s and n.
1
Let l(p) = 13*p**2 + 51*p - 227. Let k be l(7). Calculate the highest common divisor of 13 and k.
13
Suppose 5070 = 20*x - 16*x + 2*l, 2*x = l + 2541. What is the greatest common factor of x and 297?
27
Let g be ((-45)/10)/(-3) - (-65220)/40. Calculate the highest common divisor of g and 288.
96
Suppose 0 = 2*s - 2*u - 6444, 9714 = 3*s + 55*u - 50*u. Calculate the highest common divisor of 12 and s.
12
Let x be (1/(27/(-12)))/(2/(-9)). Let g be -9 + 50 - -1*x/1. Calculate the highest common factor of 301 and g.
43
Suppose -941 = 46*u - 16627. What is the greatest common factor of u and 1488?
31
Let r be 580/120 + 20/(-24). What is the highest common factor of 166 and r?
2
Let t be 1 + 1132/(-6)*-3. Let k be -1*4*-22 - (39 + (-66 - -34)). Calculate the greatest common divisor of k and t.
81
Let n = -33645 - -34415. Calculate the greatest common factor of n and 280.
70
Suppose -4*r + 4 = 5*m, 6*r + 3 = -2*m + 9*r. Suppose 108 = 3*i + 4*y - 50, m = -2*i - 5*y + 103. Calculate the highest common factor of i and 3.
3
Suppose -6*d + 122 = -28. Let v be (0 + (-12)/(-8))/(6/8). Suppose v*b + 8 = m, -4*b - b = -d. What is the greatest common divisor of 45 and m?
9
Let m be 15 - (-25)/((-400)/(-9744)). Calculate the greatest common factor of 39 and m.
39
Let q = 2722 + -2674. What is the greatest common divisor of 6640 and q?
16
Suppose 7*t - 21 + 7 = 0. Suppose 0 = t*w + 8, 5*w = -5*o - 24 - 1. Let i(z) = -41*z + 3. Let u be i(o). Calculate the greatest common divisor of 22 and u.
22
Let x(r) = 150*r - 1410. Let v be x(11). What is the highest common divisor of v and 140?
20
Suppose 11*n - 146 = -36. Suppose 4*p = 3*d - 536, n*d + 2*p = 7*d + 524. Calculate the highest common divisor of d and 11.
11
Suppose f - 5*s = 984, 2*s + 1936 = 14*f - 12*f. Calculate the highest common factor of 16 and f.
4
Suppose 9*j + 110 = 20. Let v be j/(-25) + (-1 - 969/(-15)). What is the greatest common divisor of v and 2?
2
Suppose 19 = -5*w + 74. Suppose -4*b = -5*u + 1029, -2*u - 23*b + 414 = -24*b. What is the highest common factor of w and u?
11
Let t = 2578 + -2534. Calculate the highest common divisor of t and 77.
11
Let u = 5337 + -5167. Calculate the greatest common factor of u and 272.
34
Let v = -693 + 719. Suppose -v*u - 27*u + 2385 = 0. What is the highest common divisor of 72 and u?
9
Suppose 69 = -6*p - 663. Let y be p/((4/(-5))/((-16)/(-40))). Calculate the greatest common divisor of 244 and y.
61
Let w = 156 - 150. Let h(y) = y**2 - 27*y + 141. Let g be h(w). Suppose 0 = -2*x + 77 + 163. Calculate the greatest common factor of g and x.
15
Let v be 3/6 + 107/(-2). Suppose -4*a - 68 = -4*j, 3*a = 2*a - 5*j + 7. Let s = a - v. What is the greatest common factor of 5 and s?
5
Suppose -390*v + 389*v + 238 = 0. Suppose -7*a + 84 + 462 = 0. Suppose 81*s - 102 = a*s. What is the highest common factor of v and s?
34
Let j be ((-32)/36)/(1/(-126)). Calculate the highest common divisor of j and 236.
4
Suppose 3*a - 53*o + 52*o - 99 = 0, 0 = 4*a + o - 153. Let r = 51 + -24. What is the greatest common divisor of r and a?
9
Let v = 1727 + -1673. Calculate the greatest common divisor of v and 6102.
54
Suppose h - 1775 = -5*z, -4*h + 7*h - 1053 = -3*z. Suppose -6*q + 1780 = 14*q. What is the greatest common divisor of z and q?
89
Let c(i) = i**2 + 2*i. Let o be c(2). Let u = -64 + 50. Let k(a) = -7*a - 97. Let v be k(u). Calculate the greatest common factor of o and v.
1
Suppose -776 = 5*n - 836. Suppose -n*d + 616 = -5*d. Calculate the highest common divisor of 44 and d.
44
Suppose 5*x + 2*m = 656, 310*x - 305*x + m - 658 = 0. Calculate the greatest common factor of 9988 and x.
44
Let s be (-1)/(-3)*0/3. Suppose -3*w - 2*o + 28 = s, o = -w + 2 + 6. Suppose 4*t = 3*k + 468, -3 - 5 = -2*k. What is the highest common divisor of t and w?
12
Suppose -2315 = -k + 5*n - 791, -2*n = 24*k - 36454. What is the highest common factor of k and 372?
31
Suppose 0 = q - 111 - 6. Let j be (-26)/(-5)*(1694/44 + -1). Calculate the greatest common factor of q and j.
39
Let p be 3972/(-331) - 25/(-1). Calculate the highest common factor of p and 8554.
13
Suppose 5*x - 5*i = -285, -192 = 2*x - 4*i - 72. Let k = 19 - x. Calculate the highest common factor of k and 803.
73
Let n be (3/(-6))/(2*(-3)/72). Suppose -3*p - n = z, -2*z - 2*p = p. Let o(g) = 9*g - 44. Let i be o(z). Calculate the greatest common divisor of i and 90.
10
Let q(b) be the first derivative of b**3 - 2*b - 3. Let w be q(2). Let r(n) = -14*n - 653. Let d be r(-47). Calculate the greatest common divisor of w and d.
5
Let r(s) = -921*s - 1488. Let n be r(-2). What is the highest common factor of n and 413?
59
Let i(b) = 0 + 144*b - 4 + 0 - 148*b + 11*b**2 + 2*b**2. Let g be i(-3). What is the greatest common divisor of 25 and g?
25
Suppose 4*z = 6 + 38. Suppose 0 = -606*h + 5642 + 1024. What is the highest common divisor of z and h?
11
Let t = 461 + -461. Suppose t = 6*p - 574 - 1340. Calculate the highest common factor of p and 11.
11
Let y be 0 - 121/(-11) - -17147. What is the greatest common factor of 46 and y?
46
Suppose -887 = -33*y + 24028. Let t = 1952 - y. What is the greatest common divisor of t and 63?
63
Let d(g) = 61*g**3 + g**2 - 2*g + 1. Let t be d(1). Suppose 5*l - t = 5*i + 59, 5*i + 95 = 4*l. What is the greatest common factor of l and 15?
5
Let q(b) = -b**3 + 15*b**2 - 19*b - 6. Let j be q(12). Let f = -15 + 11. Let n be (31 - -2)*f/(-6). What is the highest common factor of j and n?
22
Let p be (576/(-30) + 6)*(-40)/6. Let j be (-10)/(-11 + 13) - 1*-115. Calculate the greatest common divisor of j and p.
22
Suppose 0 = -5*l + 3*q + 6, 0 = -0*q - 3*q - 6. Let v(p) = -p**2 + 2*p + 45. Let h be v(l). What is the highest common divisor of 20 and h?
5
Let r be ((-4)/(-5))/2*50. Suppose 3*n = -5*z + 35, 4*z - 16 = -0. Let u(m) = -m**2 + 2*m + 20. Let w be u(n). What is the greatest common divisor of w and r?
5
Suppose -5*d + 118 = -62. Suppose -2*o - 3 = j + 170, -3*o = -4*j - 736. Let a = 199 + j. Calculate the highest common factor of d and a.
18
Suppose 999*b + 117216 = 545*b + 502*b. What is the highest common factor of b and 726?
66
Let v = 301 - 294. Suppose v*z - 86 = -2*u + 9*z, 0 = -5*u - 4*z + 224. What is the highest common divisor of 198 and u?
22
Let t be 875/(-75)*129/(-7). Calculate the highest common factor of t and 20.
5
Suppose -h + 75 = -5*i - 51, h - 126 = -2*i. Let z(a) = -14*a - 114. Let c be z(-10). Suppose 5*n - h = -c. Calculate the greatest common factor of 80 and n.
20
Let a(m) = -9*m**3 + 8*m**2 + 33*m + 189. Let i be a(-8). Calculate the greatest common factor of 5 and i.
5
Suppose 76*h = 98*h + 118*h - 72380. Calculate the highest common divisor of 693 and h.
11
Suppose -3*f = 4*s - 2*f - 755, 3*f = 3*s - 555. Suppose 3*t + s = 5